 9) to base 10.
-26
-37297 (base 10) to base 6
-444401
Convert 1010221 (base 3) to base 7.
2302
1595 (base 13) to base 7
12140
What is 1001000 (base 3) in base 13?
462
3654 (base 9) to base 11
2055
Convert 828 (base 14) to base 15.
71e
What is -23121 (base 4) in base 14?
-3a1
11130 (base 5) to base 3
1002021
Convert 3423 (base 6) to base 4.
30213
Convert -14990 (base 12) to base 15.
-891c
Convert -352 (base 9) to base 13.
-194
-550 (base 10) to base 2
-1000100110
16778 (base 9) to base 8
26465
-191 (base 16) to base 13
-24b
Convert -52 (base 6) to base 14.
-24
What is -13aa (base 13) in base 7?
-11202
Convert 10302 (base 4) to base 8.
462
-2673 (base 9) to base 16
-7da
What is -714 (base 10) in base 3?
-222110
Convert -506 (base 9) to base 16.
-19b
Convert 14112 (base 6) to base 7.
6266
Convert -10012210 (base 3) to base 9.
-3183
What is 843 (base 11) in base 5?
13030
-100011122 (base 3) to base 10
-6686
What is -647 (base 8) in base 5?
-3143
Convert 1111100002 (base 3) to base 6.
344045
-11a5 (base 11) to base 8
-3037
543 (base 8) to base 9
434
Convert -1627 (base 11) to base 6.
-13354
Convert 1763 (base 10) to base 5.
24023
4534 (base 9) to base 13
16ab
What is -212001100 (base 3) in base 14?
-61a3
321232 (base 4) to base 16
e6e
20110 (base 3) to base 16
ae
What is -777 (base 15) in base 5?
-23222
-1101100001100 (base 2) to base 9
-10443
What is -101001111111 (base 2) in base 13?
-12b9
Convert 34505 (base 6) to base 4.
1031021
What is 178b (base 12) in base 7?
11201
Convert 22203 (base 4) to base 9.
830
What is 2560 (base 7) in base 8?
1715
What is -442424 (base 7) in base 8?
-227644
10866 (base 11) to base 3
210111210
Convert -11000010001110 (base 2) to base 15.
-3a3a
Convert -8164 (base 10) to base 2.
-1111111100100
Convert 1031120 (base 4) to base 7.
20303
11011023 (base 4) to base 5
1131221
Convert -132c (base 13) to base 11.
-2073
What is -1480 (base 9) in base 13?
-687
What is -1407 (base 8) in base 16?
-307
What is 1010010011100 (base 2) in base 7?
21245
Convert -55404 (base 7) to base 8.
-33140
What is -21233101 (base 4) in base 11?
-27a73
458 (base 9) to base 5
3002
What is 2b91 (base 14) in base 13?
36ca
-b6a (base 16) to base 2
-101101101010
What is 3200340 (base 5) in base 10?
53220
Convert 853 (base 16) to base 8.
4123
-1010111000 (base 2) to base 13
-417
Convert -4104332 (base 5) to base 12.
-323a1
What is 114510 (base 6) in base 8?
23612
Convert -100010110010011 (base 2) to base 12.
-a383
952 (base 10) to base 5
12302
What is 3288 (base 9) in base 4?
211331
-60747 (base 9) to base 2
-1001110000101000
Convert 1856 (base 11) to base 10.
2360
Convert -260 (base 16) to base 8.
-1140
178 (base 11) to base 2
11001110
What is 314310 (base 5) in base 9?
15455
What is -33 (base 12) in base 10?
-39
-110110 (base 3) to base 10
-336
What is -2231 (base 11) in base 15?
-d0d
648 (base 10) to base 12
460
-1252 (base 10) to base 13
-754
What is -4348 (base 11) in base 8?
-13153
342 (base 8) to base 16
e2
-634 (base 8) to base 11
-345
What is -6a51 (base 12) in base 13?
-5530
220210 (base 3) to base 12
479
What is 21121211 (base 4) in base 6?
454125
-ca4c (base 14) to base 12
-18290
Convert 1971 (base 10) to base 8.
3663
206 (base 8) to base 11
112
-6423 (base 11) to base 14
-314b
-1102333 (base 5) to base 8
-45225
Convert 161bc (base 14) to base 6.
1103430
69a5 (base 13) to base 6
152410
What is 321 (base 4) in base 14?
41
3b99 (base 13) to base 16
2180
3032 (base 7) to base 5
13202
-1001011100100 (base 2) to base 5
-123321
What is 20140 (base 6) in base 3?
10122020
What is -6b (base 16) in base 15?
-72
11223222 (base 4) to base 6
255430
Convert 1022 (base 4) to base 9.
82
Convert -241100 (base 7) to base 2.
-1010101001011010
Convert 5939 (base 12) to base 10.
9981
Convert -11201221 (base 3) to base 12.
-1bba
-4d5 (base 15) to base 3
-1111202
What is -20201011 (base 3) in base 7?
-20155
-21010210 (base 3) to base 11
-3a02
Convert -231455 (base 6) to base 16.
-4d7b
Convert 220010 (base 3) to base 12.
463
What is -7bb8 (base 12) in base 14?
-5072
What is -b187 (base 16) in base 2?
-1011000110000111
13187 (base 9) to base 13
4093
1010001101 (base 2) to base 12
465
What is -112002 (base 3) in base 7?
-1052
What is 26476 (base 8) in base 15?
3672
Convert 148 (base 15) to base 2.
100100101
What is 3102222 (base 4) in base 5?
412412
Convert -1721 (base 9) to base 16.
-523
Convert 7e (base 16) to base 3.
11200
Convert 36316 (base 8) to base 12.
9012
What is -2300102 (base 4) in base 12?
-6642
What is -37 (base 11) in base 6?
-104
-334 (base 5) to base 16
-5e
-12044 (base 6) to base 2
-11011011100
What is -20200 (base 6) in base 11?
-2002
What is -20421 (base 5) in base 16?
-551
-12320 (base 6) to base 12
-10a0
Convert 1010110000011 (base 2) to base 10.
5507
What is -2323010 (base 4) in base 6?
-131232
-b0a (base 15) to base 14
-c97
Convert -2624 (base 11) to base 16.
-d56
What is 3c85 (base 13) in base 11?
6615
What is -844 (base 12) in base 8?
-2264
What is -21221 (base 3) in base 10?
-214
Convert 2347 (base 12) to base 7.
14332
1112122 (base 4) to base 2
1010110011010
What is -38c (base 13) in base 8?
-1157
What is -2387 (base 13) in base 15?
-1742
What is -377 (base 14) in base 6?
-3113
What is -6656 (base 9) in base 12?
-2a13
What is 2daf (base 16) in base 11?
8872
7a3 (base 14) to base 3
2002010
1721 (base 8) to base 5
12402
What is -20111220 (base 3) in base 16?
-128d
What is 274a (base 11) in base 7?
13250
What is -18716 (base 12) in base 5?
-2114321
What is 333020 (base 4) in base 7?
14531
Convert 32214 (base 5) to base 3.
2222220
Convert -23434 (base 7) to base 6.
-44004
-b49 (base 14) to base 6
-14141
-1563 (base 10) to base 8
-3033
What is 413240 (base 5) in base 13?
623b
Convert 1045 (base 7) to base 14.
1cc
Convert -3bb (base 15) to base 12.
-5ab
What is -112323 (base 4) in base 5?
-21332
-23230 (base 6) to base 15
-ec0
-4ea (base 16) to base 13
-75a
16b (base 13) to base 12
196
What is -25520 (base 8) in base 7?
-44220
What is -55 (base 9) in base 15?
-35
Convert 12048 (base 11) to base 6.
212203
Convert -1321111 (base 5) to base 2.
-110011100100110
-16451 (base 7) to base 9
-6382
-1000021 (base 3) to base 14
-3a8
What is -1031332 (base 4) in base 15?
-172a
What is 576 (base 12) in base 7?
2235
Convert -27111 (base 8) to base 4.
-2321021
Convert 34313 (base 5) to base 10.
2458
Convert 2637 (base 8) to base 10.
1439
What is 1c6c (base 13) in base 2?
1000011011011
Convert -76064 (base 8) to base 15.
-964b
-a22 (base 16) to base 11
-1a49
Convert -1233 (base 9) to base 8.
-1631
What is -4989 (base 10) in base 13?
-236a
-122 (base 15) to base 12
-195
1133 (base 8) to base 2
1001011011
Convert 1001110101011010 (base 2) to base 15.
be07
Convert 1131222 (base 5) to base 2.
101000101001100
What is -44599 (base 10) in base 5?
-2411344
-3840 (base 9) to base 2
-101100110111
What is -13e (base 16) in base 5?
-2233
21130313 (base 4) to base 10
38711
What is -121134 (base 6) in base 12?
-61aa
What is -14152 (base 6) in base 13?
-1025
What is -220211 (base 3) in base 5?
-10140
What is -55570 (base 10) in base 16?
-d912
200002 (base 5) to base 14
23c8
Convert -c4 (base 15) to base 5.
-1214
Convert 2709 (base 11) to base 12.
2052
What is 32203 (base 4) in base 10?
931
What is -5144 (base 6) in base 3?
-1120101
What is 13223 (base 7) in base 16?
dd9
What is -61247 (base 8) in base 3?
-1021122101
What is 349 (base 10) in base 6?
1341
Convert -141212 (base 5) to base 3.
-21222002
What is 11010011101010 (base 2) in base 7?
54331
Convert 1251 (base 8) to base 4.
22221
-10650 (base 9) to base 11
-5368
-23a71 (base 11) to base 2
-1000011100000011
35653 (base 9) to base 14
89a6
What is 2a84 (base 12) in base 11?
3832
5c (base 15) to base 8
127
What is 6752 (base 10) in base 15?
2002
Convert 2986 (base 10) to base 2.
101110101010
-200143 (base 6) to base 2
-11110011111111
-4333 (base 5) to base 13
-368
Convert -4034 (base 9) to base 15.
-d17
32301 (base 4) to base 7
2520
Convert 63714 (base 9) to base 14.
114d7
What is -9ca (base 13) in base 2?
-11010010111
Convert 1012003 (base 5) to base 8.
40167
What is 231011 (base 4) in base 16?
b45
What is 201003 (base 4) in base 16?
843
What is 12136 (base 9) in base 12?
4859
Convert -573 (base 9) to base 13.
-2a3
Co